erivative of -g**6/120 + g**5/12 + 5*g**4/24 + g**3/2 - 4*g**2. Give s(6).
-3
Let v(g) = 2*g**2 - 5*g + 4. Let n be v(3). Suppose 0 = n*y - 2*y + 15. Let o(w) = -2*w - 3. Give o(y).
3
Suppose -2*j + 5 + 5 = 0. Let h be -1*(-2 + 7 - 2). Let f(q) = q**2 - 6*q + 7. Let m(t) = -t**2 + 6*t - 8. Let o(z) = h*f(z) - 2*m(z). Calculate o(j).
0
Let i(y) be the first derivative of -y**2/2 - y - 3. Let h(v) = v - 4. Let z(c) = h(c) + 2*i(c). Determine z(5).
-11
Let s = 19 - 26. Let q(c) = c**3 + 7*c**2 + 5. What is q(s)?
5
Suppose -4*f - 3 = i - 1, 2*f = -i - 2. Let u(p) = p**3 + p**2 - 7. Calculate u(f).
-7
Suppose -5 = 3*t - 11. Suppose -2 = -n - 0. Let g(f) = -2*f + 3*f**3 + 3 - 3*f**3 + f**3 - 3*f**n. What is g(t)?
-5
Let a(o) be the third derivative of -o**4/24 + 5*o**3/3 + 3*o**2 + 5. Calculate a(14).
-4
Let z = -24 - -26. Let a(k) = -3*k**2 + 2*k + 1. Calculate a(z).
-7
Let l(o) be the third derivative of -o**5/60 - o**4/4 - 14*o**2. Give l(-7).
-7
Suppose -17 = -5*v + 2*z, v = -z + 5*z + 7. Let j = 0 + 2. Suppose w = -2*r + j, -v = 4*w + 4*r - 7*r. Let n(l) = -l - 1. Determine n(w).
-1
Let j(o) = o**3 - 1. Let q(m) = 7*m**3 + 8*m**2 - 2. Let a(t) = -6*j(t) + q(t). Determine a(-8).
4
Let w(g) = g**2 - 2. Let p(y) = -y**3 - 10*y**2 + 10*y - 13. Let x be p(-11). Determine w(x).
2
Suppose 4*t + 16 = 4. Let x(b) = 4*b + 3. Let p(s) = -3*s - 4. Let k(c) = t*x(c) - 2*p(c). Calculate k(1).
-7
Let a(z) = -z - 4. Let h be a(-5). Let o be (-2 + 0)/((-6)/129). Let l(m) = 2*m + 36*m**2 - 2*m - o*m**2. What is l(h)?
-7
Let a(p) = -p**3 + 3*p**2 + p - 3. Let m(y) = 4*y - 8. Let z be m(3). Determine a(z).
-15
Let w(f) be the second derivative of -f**5/20 + f**4/6 + 5*f**3/6 - 3*f**2/2 + 2*f. Let b be w(3). Let h(s) = -2*s - 1. Calculate h(b).
-7
Let i(s) = -3*s + 3*s + 4 - s. Let k be ((-10)/(-15))/((-4)/(-6)). Let o = 4 + k. Determine i(o).
-1
Let f(v) = -12*v + 12. Let c(s) = -3*s + 3. Let p(h) = -21*c(h) + 5*f(h). Let k = 20 - 18. Suppose k*y + 3 = 7. What is p(y)?
3
Suppose -1 = -0*f - f. Suppose 2*d + 4*z = -12, 0*d - d - z = f. Let p(k) = 4 - 1 + 5*k - 2*k - 4*k. Calculate p(d).
-1
Let g = 87 + -91. Let v(c) = c**3 + 6*c**2 + 7*c + 4. What is v(g)?
8
Suppose -8 = -5*l - 28. Let b(n) = -n**2 - 7*n - 4. What is b(l)?
8
Let j = -81 + 87. Let g(v) = v**3 - 7*v**2 + 7*v - 1. Calculate g(j).
5
Let v(s) = -2*s + 8. Suppose 5*l - 5*y = 30, 2*y + 9 = l + 3. What is v(l)?
-4
Let f(b) = 7*b + 3 - 3*b + b**2 - 4. Give f(-5).
4
Let j(c) = c**3 - c. Let b be 2/(2/1 - 4). Let k be (-2)/2 + (-2)/b. Let h(l) = l**2 + l - 1. Let d(i) = k*h(i) - j(i). Give d(-2).
7
Let n(o) = o**3 - 3*o + 2*o**2 - 3 + o - 5*o**2. Let k be (2/3)/(8/36). Determine n(k).
-9
Let b(r) = -r**3 - 3*r**2 + 2*r - 1. Let s be 6/(-9)*1 - (-20)/(-6). What is b(s)?
7
Let z be (-130)/(-35) - (-4)/14. Suppose -3*y + 8 = z*a, -2 = -5*y - a - 0. Let m(h) = h + y + 0*h - 5. Calculate m(0).
-5
Let i(g) be the second derivative of -1/6*g**3 + 2*g + 0 - 1/2*g**2. Let z be (3/(-5))/((-2)/(-10)). Give i(z).
2
Let j(g) = -2*g**2 + 15*g + 2. Let v(x) = -x**2 + 8*x + 1. Let u(c) = 4*j(c) - 7*v(c). Let m be u(5). Let f = -1 - m. Let b(s) = -s**2 + 4*s + 1. Give b(f).
4
Suppose 0 = -2*m + 10, 5*o - 4*m - 70 = -9*m. Let z(b) = b**2 - 8*b - 12. Determine z(o).
-3
Let m(j) be the second derivative of j**3/3 + j**2 - 7*j. Give m(-3).
-4
Let r(x) = -x**2 + 5*x + 1. Let q be (6/(-8))/((-2)/8). Let g = q - -1. Calculate r(g).
5
Let m(o) be the first derivative of -o**2/2 + o - 63. Give m(-1).
2
Let s(x) be the second derivative of -x**5/20 + x**4/2 + x**2 + x. Let l be s(6). Let v be (-3*(-6)/9)/l. Let z(d) = -3*d**2 - 1. Give z(v).
-4
Let z(c) be the third derivative of 1/24*c**4 + 0*c + 0 + 1/60*c**5 - 1/3*c**3 + 2*c**2. What is z(2)?
4
Let u(q) be the second derivative of -q**3/6 - q**2 - q. Suppose 3*t - 22 = 5*a, 0 = -2*t + 11 - 3. Let h be (-9)/2 - 1/a. Determine u(h).
2
Let a(c) = -1 + 0*c**2 + 0*c - 6*c**2 + 4*c - 3*c. Give a(1).
-6
Let l be (-3 - (-31)/4) + (-6)/8. Let h(k) be the third derivative of 2*k**2 - 1/24*k**l - 5/6*k**3 + 0*k + 0. What is h(0)?
-5
Suppose -5*n = -13 - 7. Let d = -19 - -28. Let s(m) = 6*m - m - 1 - n*m + d*m. Determine s(-1).
-11
Let d = 34 - 35. Let s(n) = 6*n - 1. Give s(d).
-7
Let r(p) be the second derivative of -3*p**3/2 - p. Calculate r(1).
-9
Suppose 6 = -2*z + 10. Let o(d) = 4 + 2*d**2 - 2*d**2 - d**z. Determine o(0).
4
Let n(d) be the second derivative of d**4/12 + 7*d**3/6 + 5*d**2/2 - 8*d. Suppose 15 + 15 = -5*f. Calculate n(f).
-1
Let y(x) = -2*x**2 - 2*x - 1. Let f(l) = -l**3 + 4*l**2 - l + 3. Suppose z - 2 = 2. Let h be f(z). Let r be h + 3/(-3 - 0). Give y(r).
-5
Let g(d) = -12*d + 13*d + d**2 - 2*d**2. Give g(3).
-6
Let f(l) be the first derivative of -l**4/4 + l**3/3 + 2*l**2 - 3*l + 14. Calculate f(2).
1
Let k(t) = -9*t**2 - 1. Let c be (-2 + 4)*(-14)/(-28). Give k(c).
-10
Let x(i) = i**2 - i. Suppose 0 = -t - t. Determine x(t).
0
Let j(u) = u - 1. Let o(l) = 5*l - 1 - 14*l + 0. Let i(r) = -j(r) - o(r). What is i(-2)?
-14
Let m be -1 - (2 - -1 - 0). Let s(h) = -4 - 91*h**3 + 3*h**2 + 1 - 6*h + 92*h**3. Determine s(m).
5
Let u(x) = -x**2 + x. Let l(h) = -h**3 + h**2 + h - 3. Let s(i) = -l(i) + 4*u(i). Calculate s(3).
-6
Suppose -3*n + n + 2 = 0. Let f(i) be the third derivative of i**2 - 5/24*i**4 + 0*i + 0 + 0*i**3. Calculate f(n).
-5
Let k(n) = n**3 + 8*n**2 + 4*n - 8. Let f be ((-1)/(-2))/(7/(-98)). What is k(f)?
13
Let f(z) = 3*z + 2*z + 4*z - 8*z. Let m = 3 + 0. Calculate f(m).
3
Let h(v) = -5*v - 3. Let s(d) = -14*d - 9. Let r(b) = -11*h(b) + 4*s(b). What is r(-5)?
2
Let k(l) = 7 - 3*l + 13 + 5*l + l**2 - 13. What is k(-6)?
31
Let l be (5 - (13 + -7))*(-1 - 4). Let a(j) = j. Give a(l).
5
Let i(n) = 5*n - 1. Let d(z) = 81*z - 15. Let h(w) = -2*d(w) + 33*i(w). Calculate h(2).
3
Let j(o) = -o - 2. Let y be j(-3). Let v(b) = 2*b. What is v(y)?
2
Let d(b) = 2*b - 1. Suppose 0 = 3*h - 0*h - 6. Let k be 0/4 + (h - 1). What is d(k)?
1
Suppose 0 = 3*a - 5*w - 1, -9 = -3*a - a - w. Let b(g) = g**3 - g**2 - g + 1. Let t be b(0). Let k(v) = 2*v + 6*v**2 - v - 2*v**2 + t - 4*v - v**3. Give k(a).
3
Let l(f) be the first derivative of -11*f**2/2 + f + 2. What is l(-1)?
12
Let p be (-1*(-9 + 15))/((-2)/(-2)). Let a(k) = -k - 9. Determine a(p).
-3
Let l(k) = -k. Let j be l(-3). Let v(w) = 4*w**2 - 1. Let b be v(1). Let t be j - (b - 4/2). Let x(o) = 3*o + 2. Give x(t).
8
Let y be (-14)/8 - (-1)/(-4). Let j = y - -6. Let f(i) = -5*i**2 + 3*i + 5. Let d(t) = t**2 - 1. Let o(l) = 4*d(l) + f(l). Give o(j).
-3
Suppose -3*v + 0*v = -4*s - 9, 3*v - 9 = -4*s. Let r(a) = -a**3 + 2*a**2 + 2*a + 4. Determine r(v).
1
Let h(y) be the second derivative of -1/6*y**3 + 0 - 7/2*y**2 + 3*y. Determine h(0).
-7
Let n(x) = -x**2 - x + 1. Let t(w) = -4*w**2 - 7*w + 9. Let i(m) = 5*n(m) - t(m). Calculate i(3).
-7
Let s(q) = q - 4. Suppose 12 = 2*j - 3*c, 3*c + 0 + 6 = 0. Give s(j).
-1
Suppose 2*f - 4*b + 12 = 6*f, 6 = -2*f - 5*b. Let r(l) = 2*l**2 + 8*l + 6. Let g(i) = -5*i**2 - 24*i - 17. Let s(a) = 3*g(a) + 8*r(a). Give s(f).
-10
Let b(c) = c + 5. Suppose -3*n + 2*s + s = 0, 0 = 5*n + 4*s + 18. Let g = n - 4. Give b(g).
-1
Let y(m) = -m**2 + 2. Let k(w) = -4*w + 1. Let z be k(1). Let i = z + 3. Give y(i).
2
Let l(i) = i**2 - 5*i - 6. Let o be l(7). Let z = 9 - o. Let r(g) = -13*g**2 + 2*g - 1. Give r(z).
-12
Let l(t) = 1 - 2 - t + 0 + 7. Calculate l(6).
0
Let n(u) = -3*u + 1. Let l(s) = 5*s - 2. Let y(a) = 6*a - 3. Let t(i) = 4*l(i) - 3*y(i). Let f be t(-2). What is n(f)?
10
Let h(q) = 5*q + 1. Let p be h(1). Let a(w) = -w**2 + 6*w + 3. Let n be a(p). Suppose 6 = -3*l - n, 4 = s - l. Let g(y) = y - 1. Give g(s).
0
Let c(n) = -3*n + 2*n + 0*n + 0*n. Let v(g) = 4*g + 10. Let d(l) = -5*c(l) - v(l). Give d(0).
-10
Let v(b) be the third derivative of b**5/60 - 5*b**4/24 - 2*b**3/3 + 11*b**2. Calculate v(6).
2
Let t be ((-12)/20)/(1/(-5)). Let x(a) = -5*a + 0*a + 1 + t - 2. Suppose -2*d = h + 8, -2*d - 16 = 2*h - 5*h. Calculate x(h).
-8
Suppose 52 = 8*h - 12. Let p(k) = -2*k + k**2 - k + 5 - h + 4*k. Give p(0).
-3
Let v(r) = 3*r**3 + 7*r**2 + 3*r + 12. Let f(g) = -g**3 - 4*g**2 - g - 6. Let q(i) = 5*f(i) + 2*v(i). Determine q(6).
0
Let y(f) = -f**3 - 5*f**2 - 4 - 9 + 18 + 6*f. What is y(-6)?
5
Let c(f) = -2*